. Suppose -m*s + 26 = -5*s. What is the remainder when 115 is divided by s?
11
Suppose 4*n - 8 = 6*n, -2*l = -n - 38. Suppose 36*q = -27*q + 504. Calculate the remainder when l is divided by q.
1
Let f(i) = -21*i + 141. Suppose 18*w + 90 = 36*w. Calculate the remainder when 141 is divided by f(w).
33
Suppose -l + 2*u = -28, -7*u - 16 = -3*u. Let i(y) = -y**2 + 362. Let w be i(0). Let a = w - 354. What is the remainder when l is divided by a?
4
Let l(x) = -x**3 + 2*x**2 - 7*x - 1. Let t be l(2). What is the remainder when 128 is divided by (-828)/(-30) - (-9)/t - 5?
18
Let p(i) = i**3 + 3*i**2 - i - 3. Let w be p(-3). Suppose 11*c - 5*c - 132 = w. Calculate the remainder when 64 is divided by c.
20
Calculate the remainder when 398 is divided by ((-10620)/(-240))/(9/12).
44
Let m(n) = 15*n**3 + 4*n**2 - 4*n + 3. What is the remainder when m(2) is divided by ((-1)/2 - 3)*((-190)/(-14) - 17)?
11
Let h = 15064 + -15020. What is the remainder when 8754 is divided by h?
42
Let w = -3476 + 3983. What is the remainder when w is divided by 248?
11
Let j(l) = -9*l - 7. Suppose -9 = -4*n + 3, 5*n = 4*p + 51. What is the remainder when j(p) is divided by 15?
14
Let t = -62 + 60. What is the remainder when 201 is divided by 1*35 + -6 + 7 + t?
31
Let p(u) = -4596*u + 666476. Suppose -5*w + 10*w = 210. Let f = -27 + w. What is the remainder when p(145) is divided by f?
11
Suppose 8*n = 3*n. Suppose -5*t + 2*i = -93, 3*t + 3*i + n*i = 39. Let o(g) = g**2 - 38*g + 377. What is the remainder when o(23) is divided by t?
15
Let h = 4 + -45. Let b = 58 + h. Calculate the remainder when -3 - (-1 + 103)/(-2) is divided by b.
14
Suppose 3*c + w - 1701 = -302, c - w = 461. Calculate the remainder when c is divided by 78.
75
Let u = 37 + -34. Suppose 62*b - 254 = 58*b - 2*h, -3 = -u*h. What is the remainder when b is divided by (7 - -1)*(-4)/(-1)?
31
Let a be 4/26 + 579*(-6)/(-234). What is the remainder when 184 is divided by -3 - ((-200)/12)/(5/a)?
43
Let y(p) = 6*p**3 - p - 1. Let u be y(-1). Let v = 72454 + -72426. What is the remainder when v is divided by 2/u - (-49)/3?
12
Let m = 15 - -6. Let s(u) = 9*u - 2 - 5 - 11*u**2 + 1 + 10*u**2. What is the remainder when m is divided by s(7)?
5
Suppose 0 = -5*b + 26 + 1359. Suppose 0 = 2*u - 64 + 66. Let t(i) = -35*i + 5. What is the remainder when b is divided by t(u)?
37
Let g = -6 - -46. Let s = -20 + g. What is the remainder when (-5 + 35/5 + 53)*1 is divided by s?
15
Calculate the remainder when ((-30)/3)/(6/(-331 + -5)) is divided by 24.
8
Suppose 0 = -3*y + 2*q + 86, -12*y + 411*q + 227 = 412*q. Suppose c - 6*c = 2*x - 101, 5*x - 2*c - 296 = 0. What is the remainder when x is divided by y?
18
Calculate the remainder when (16/(-3) - 0)*(-4872)/232 is divided by 75.
37
Suppose q = 3*m + 217, 6*q - q = -2*m + 1068. Suppose k = 3*v - 167, 44*v - q = 40*v - 3*k. Calculate the remainder when 657 is divided by v.
52
Suppose -92 = -m - 4*y, -m + 3*y = -5*m + 329. Suppose 0 = -j + m + 85. What is the remainder when j is divided by 21?
18
Suppose -4*b + 84 = -4*t, 5*t - 12 = 3*b - 85. What is the remainder when 1022 is divided by b?
14
Suppose 3*j - 2*z + 225 = 884, -4*j + 5*z = -881. Let x = j - -356. Calculate the remainder when x is divided by 12.
11
Let j(o) = -3*o + 20. Let k be (13 - 10)*2/(-6). Let m be k*5/(-20)*0. What is the remainder when 25 is divided by j(m)?
5
Let y = 182 + -71. What is the remainder when (y/18 + (-4)/(-12))*16 is divided by ((-1)/(-2))/((-1)/(-54))?
23
Suppose -697 = -24*c - 577. Calculate the remainder when 1834 is divided by c.
4
Let a = -92 - -95. Suppose 2*v + a*i - 78 = 0, -v - 2*i - 214 = -6*v. Calculate the remainder when v is divided by 0 + (5*2 - 1).
6
Let h be 2439/18 + (9/6 - 1). Suppose 0 = -9*f + 13*f - h. Let c(a) = 4*a**2 - a. What is the remainder when f is divided by c(-2)?
16
Suppose 88 = 5*z - 642. Suppose 0 = -7*c - 1 - z. Calculate the remainder when 4/(-1) - 1029/c is divided by 24.
21
Suppose 5*i = -4*k + 33, -5*i + i = k - 22. What is the remainder when ((-2)/4)/(k/(-160)) is divided by 4/((-8)/(-6))*(-6 - -11)?
10
Let w = -77 + 28. Let b = -442 + 458. Calculate the remainder when 111 is divided by (w/(-28))/(1/b).
27
Suppose -14*w + 20*w + 36 = 0. Let c be (-63)/w - (-1)/(-2). Suppose -4*v = c*g - 5*g - 25, -4*v - 20 = 0. What is the remainder when 42 is divided by g?
6
Suppose g - 106 = -g - p, 2*g = 3*p + 114. Let f = g - 15. What is the remainder when 152 is divided by f?
35
Let b = 98 - -7. Suppose -5*l = 15, -o + 2*o + 5*l - 130 = 0. Let i = o - b. Calculate the remainder when 76 is divided by i.
36
Suppose 3*z = -4*r + 28, -z + r = 4*r - 6. Let k = -15 + 24. Let o(l) = 5*l - 17. Calculate the remainder when o(k) is divided by z.
4
Let l(p) = 8*p - 22. Let n be l(13). Let s = n - 94. What is the remainder when 47 is divided by ((-26)/s)/(-13) - 146/(-12)?
11
Let t(a) = -a**3 + 49*a**2 + 154*a + 174. Calculate the remainder when 309 is divided by t(52).
29
Let z(w) = -2*w**3 - 7*w**2 - 4. Let h(o) = -39*o + 31. Let n be h(3). Let u = n + 110. What is the remainder when z(-5) is divided by u?
23
Suppose 10 = 5*i, -i + 4 + 313 = 3*b. Calculate the remainder when 186 is divided by b.
81
Let z = -57 - -165. Suppose -28*r + 527 = -45*r. Let y = z + r. Calculate the remainder when y is divided by 20.
17
Let o(z) = z**2 + 5*z + 9. Let q = 88 + -87. What is the remainder when o(-7) is divided by q/(-6)*-1*2*27?
5
Suppose 2*r + 7 - 3 = 0, 16 = 4*d - 4*r. Suppose 4*v - 73 + 8 = 3*q, 2*v - 34 = d*q. What is the remainder when 14 is divided by v?
0
Let g(j) = 12*j + 30. Let w(z) = -z. Let v(k) = -2*g(k) - 12*w(k). What is the remainder when 34 is divided by v(-6)?
10
Suppose -30*n + 5*o = -33*n + 11, 5*n - 14 = -4*o. Suppose -3*p = -3*l - 396, 2*p + n*l = 3*p - 137. What is the remainder when p is divided by 22?
17
Suppose 0 = -12*a + 2*a + 1300. Suppose -9*z + 122 = -a. Calculate the remainder when z is divided by 10.
8
Let q(b) = -b**3 - 14*b**2 - 14*b - 10. Let p be q(-13). Suppose -w - 104 = -p*w. What is the remainder when w is divided by 15/10 + 7/14*13?
4
Let n(g) = 341*g - 1954. What is the remainder when n(6) is divided by 13?
1
Let d = -16805 - -17626. What is the remainder when d is divided by 239?
104
Suppose 0 = -20*d - 11 - 249. Let s(p) = p**3 + 15*p**2 + 20*p + 21. Calculate the remainder when s(d) is divided by 36.
27
Calculate the remainder when 944 is divided by ((-702)/(-156))/((-3)/(-70)).
104
Let f(g) = -4*g + 84. Let z be f(-11). Calculate the remainder when 287 is divided by (64/z)/((-1)/236*-2).
51
Let s(h) = 3*h**2 + 185*h - 3122. What is the remainder when s(20) is divided by 10?
8
Let y(j) = j - 6 + j + 42. Let o be y(25). Let f = o + -65. Calculate the remainder when 83 is divided by f.
20
Let y = -9670 + 22545. Calculate the remainder when y is divided by 29.
28
Let x(b) be the first derivative of b**4/4 - 2*b**3 - 2*b**2 - 27*b - 7. Let q be x(8). Let m = -32 + q. What is the remainder when 109 is divided by m?
35
Let c = 3528 - 3487. What is the remainder when 163 is divided by c?
40
Let c(b) = 3*b + 85. Let z be c(-25). Calculate the remainder when 15/z*4 - 5 - -73 is divided by 13.
9
Let s be 18/2 - 0/(-1). Suppose 26*p - 41 = 57 + 6. Suppose -x + 3*y - y = p, 4*x - 3*y = s. What is the remainder when 16 is divided by x?
4
Let x = 65 - -47. Let n = -26 + x. Suppose -66 = -8*l + n. Calculate the remainder when l is divided by 2.
1
Suppose -25*m - 11*m + 29664 = 0. Calculate the remainder when m is divided by 10.
4
Let z(i) = 2*i**2 + 52*i + 104. What is the remainder when 239 is divided by z(-26)?
31
Suppose 5*i + b - 56 = 0, i - 8 = -b + 4*b. Let n(f) = f**3 - 91*f**2 - 418*f + 3682. What is the remainder when n(95) is divided by i?
6
Let n(i) = 15*i - 43. Let x be n(3). Suppose -3*p + 4*c - 34 = -4*p, x*c = -4*p + 122. Calculate the remainder when p is divided by 4.
2
Let d = 21 - 15. Let a(w) be the first derivative of -w**4/4 + 5*w**3/3 + 4*w**2 - 6*w + 2047. Calculate the remainder when 33 is divided by a(d).
3
Calculate the remainder when 206 is divided by (-2895)/(-15) + -10 + (4 - 0 - 2).
21
Suppose -5*l = -92 - 113. Suppose 104 = 4*r - 72. Suppose 0 = -2*j + j + 2*f + r, -j + l = f. What is the remainder when j is divided by 15?
1